{"id":57,"date":"2023-04-02T19:56:31","date_gmt":"2023-04-02T19:56:31","guid":{"rendered":"https:\/\/dressz.hu\/?page_id=57"},"modified":"2024-04-04T17:55:18","modified_gmt":"2024-04-04T17:55:18","slug":"milyen-szakemberre-van-szuksege","status":"publish","type":"page","link":"https:\/\/dressz.hu\/index.php\/milyen-szakemberre-van-szuksege\/","title":{"rendered":"Milyen szakemberre van sz\u00fcks\u00e9ge?"},"content":{"rendered":"\n<h2 class=\"wp-block-heading\">Ki, miben tud seg\u00edteni?<\/h2>\n\n\n<p><strong>Lelkigondoz\u00f3: <\/strong>Olyan szakember, aki elk\u00eds\u00e9ri a megold\u00e1s fel\u00e9<br \/>vezet\u0151 \u00faton mindazokat, akik \u00e9lethelyzeti, \u00e9letvezet\u00e9si neh\u00e9zs\u00e9gekkel, \u00e9rzelmi<br \/>elakad\u00e1sokkal \u00e9s hit\u00e9letbeli probl\u00e9m\u00e1kkal k\u00fczdenek.<\/p>\n<p><!-- \/wp:post-content --><!-- wp:paragraph --><\/p>\n<p><strong>Pszichol\u00f3gus:<\/strong> Lelki probl\u00e9m\u00e1k, ment\u00e1lis zavarok kezel\u00e9s\u00e9ben<br \/>tud seg\u00edteni.<\/p>\n<p><!-- \/wp:paragraph --><!-- wp:paragraph --><\/p>\n<p><strong>Pszichi\u00e1ter:<\/strong> Pszichoter\u00e1pi\u00e1s m\u00f3dszerekkel vagy gy\u00f3gyszeres<br \/>kezel\u00e9ssel seg\u00edt a pszich\u00e9s zavarok (depresszi\u00f3, p\u00e1nikbetegs\u00e9g, stb.)<br \/>gy\u00f3gy\u00edt\u00e1s\u00e1ban.<\/p>\n<p><!-- \/wp:paragraph --><\/p>\n\n<!-- wp:paragraph -->\n<p><\/p>\n<!-- \/wp:paragraph -->","protected":false},"excerpt":{"rendered":"<p>Ki, miben tud seg\u00edteni? Lelkigondoz\u00f3: Olyan szakember, aki elk\u00eds\u00e9ri a megold\u00e1s fel\u00e9vezet\u0151 \u00faton mindazokat, akik \u00e9lethelyzeti, \u00e9letvezet\u00e9si neh\u00e9zs\u00e9gekkel, \u00e9rzelmielakad\u00e1sokkal \u00e9s hit\u00e9letbeli probl\u00e9m\u00e1kkal k\u00fczdenek. Pszichol\u00f3gus: Lelki probl\u00e9m\u00e1k, ment\u00e1lis zavarok kezel\u00e9s\u00e9bentud seg\u00edteni. Pszichi\u00e1ter: Pszichoter\u00e1pi\u00e1s m\u00f3dszerekkel vagy gy\u00f3gyszereskezel\u00e9ssel seg\u00edt a pszich\u00e9s zavarok (depresszi\u00f3, p\u00e1nikbetegs\u00e9g, stb.)gy\u00f3gy\u00edt\u00e1s\u00e1ban.<\/p>\n","protected":false},"author":1,"featured_media":0,"parent":0,"menu_order":0,"comment_status":"closed","ping_status":"closed","template":"","meta":{"footnotes":""},"class_list":["post-57","page","type-page","status-publish","hentry"],"_links":{"self":[{"href":"https:\/\/dressz.hu\/index.php\/wp-json\/wp\/v2\/pages\/57","targetHints":{"allow":["GET"]}}],"collection":[{"href":"https:\/\/dressz.hu\/index.php\/wp-json\/wp\/v2\/pages"}],"about":[{"href":"https:\/\/dressz.hu\/index.php\/wp-json\/wp\/v2\/types\/page"}],"author":[{"embeddable":true,"href":"https:\/\/dressz.hu\/index.php\/wp-json\/wp\/v2\/users\/1"}],"replies":[{"embeddable":true,"href":"https:\/\/dressz.hu\/index.php\/wp-json\/wp\/v2\/comments?post=57"}],"version-history":[{"count":5,"href":"https:\/\/dressz.hu\/index.php\/wp-json\/wp\/v2\/pages\/57\/revisions"}],"predecessor-version":[{"id":409,"href":"https:\/\/dressz.hu\/index.php\/wp-json\/wp\/v2\/pages\/57\/revisions\/409"}],"wp:attachment":[{"href":"https:\/\/dressz.hu\/index.php\/wp-json\/wp\/v2\/media?parent=57"}],"curies":[{"name":"wp","href":"https:\/\/api.w.org\/{rel}","templated":true}]}}